{"id":904,"date":"2023-11-10T12:03:57","date_gmt":"2023-11-10T11:03:57","guid":{"rendered":"https:\/\/turquoisedt.com\/blog\/?page_id=904"},"modified":"2023-12-04T16:03:40","modified_gmt":"2023-12-04T15:03:40","slug":"password-reset","status":"publish","type":"page","link":"https:\/\/turquoisedt.com\/collections\/password-reset\/","title":{"rendered":"Password Reset"},"content":{"rendered":"\t\t<div data-elementor-type=\"wp-page\" data-elementor-id=\"904\" class=\"elementor elementor-904\">\n\t\t\t\t<div class=\"elementor-element elementor-element-6ad4f1f e-flex e-con-boxed e-con e-parent\" data-id=\"6ad4f1f\" data-element_type=\"container\">\n\t\t\t\t\t<div class=\"e-con-inner\">\n\t\t\t\t\t<\/div>\n\t\t\t\t<\/div>\n\t\t<div class=\"elementor-element elementor-element-4d32bd2 e-flex e-con-boxed e-con e-parent\" data-id=\"4d32bd2\" data-element_type=\"container\">\n\t\t\t\t\t<div class=\"e-con-inner\">\n\t\t<div class=\"elementor-element elementor-element-1e7bd1a e-con-full e-flex e-con e-child\" data-id=\"1e7bd1a\" data-element_type=\"container\">\n\t\t\t\t<div class=\"elementor-element elementor-element-0aaa03d elementor-widget elementor-widget-image\" data-id=\"0aaa03d\" data-element_type=\"widget\" data-widget_type=\"image.default\">\n\t\t\t\t<div class=\"elementor-widget-container\">\n\t\t\t\t\t\t\t\t\t\t\t\t\t\t\t\t<a href=\"https:\/\/turquoisedt.com\">\n\t\t\t\t\t\t\t<img fetchpriority=\"high\" decoding=\"async\" width=\"414\" height=\"177\" src=\"https:\/\/turquoisedt.com\/collections\/wp-content\/uploads\/2023\/10\/SignUpTurquoise.png\" class=\"elementor-animation-shrink attachment-large size-large wp-image-371\" alt=\"\" srcset=\"https:\/\/turquoisedt.com\/collections\/wp-content\/uploads\/2023\/10\/SignUpTurquoise.png 414w, https:\/\/turquoisedt.com\/collections\/wp-content\/uploads\/2023\/10\/SignUpTurquoise-300x128.png 300w, https:\/\/turquoisedt.com\/collections\/wp-content\/uploads\/2023\/10\/SignUpTurquoise-18x8.png 18w\" sizes=\"(max-width: 414px) 100vw, 414px\" \/>\t\t\t\t\t\t\t\t<\/a>\n\t\t\t\t\t\t\t\t\t\t\t\t\t\t\t<\/div>\n\t\t\t\t<\/div>\n\t\t\t\t<\/div>\n\t\t<div class=\"elementor-element elementor-element-74e42e4 e-con-full e-flex e-con e-child\" data-id=\"74e42e4\" data-element_type=\"container\">\n\t\t\t\t<\/div>\n\t\t\t\t\t<\/div>\n\t\t\t\t<\/div>\n\t\t<div class=\"elementor-element elementor-element-8a12794 e-flex e-con-boxed e-con e-parent\" data-id=\"8a12794\" data-element_type=\"container\">\n\t\t\t\t\t<div class=\"e-con-inner\">\n\t\t\t\t\t<\/div>\n\t\t\t\t<\/div>\n\t\t<div class=\"elementor-element elementor-element-e4d5872 e-flex e-con-boxed e-con e-parent\" data-id=\"e4d5872\" data-element_type=\"container\">\n\t\t\t\t\t<div class=\"e-con-inner\">\n\t\t\t\t\t<\/div>\n\t\t\t\t<\/div>\n\t\t<div class=\"elementor-element elementor-element-cf828bc e-flex e-con-boxed e-con e-parent\" data-id=\"cf828bc\" data-element_type=\"container\">\n\t\t\t\t\t<div class=\"e-con-inner\">\n\t\t\t\t<div class=\"elementor-element elementor-element-37b09f4 elementor-widget elementor-widget-text-editor\" data-id=\"37b09f4\" data-element_type=\"widget\" data-widget_type=\"text-editor.default\">\n\t\t\t\t<div class=\"elementor-widget-container\">\n\t\t\t\t\t\t\t\t\t<p><span style=\"-webkit-font-smoothing: antialiased; font-weight: 700; color: rgb(73, 73, 73); font-family: &quot;Source Sans Pro&quot;, sans-serif;\"><div class=\"um um-password um-um_password_id\">\n\t<div class=\"um-form\">\n\t\t<form method=\"post\" action=\"\">\n\t\t\t\n\t\t\t\t<input type=\"hidden\" name=\"_um_password_reset\" id=\"_um_password_reset\" value=\"1\" \/>\n\n\t\t\t\t\t\t\t\t\t<div class=\"um-field um-field-block um-field-type_block\">\n\t\t\t\t\t\t<div class=\"um-field-block\">\n\t\t\t\t\t\t\t<div style=\"text-align:center;\">\n\t\t\t\t\t\t\t\tPara restablecer tu contrase\u00f1a, por favor, introduce a continuaci\u00f3n tu direcci\u00f3n de correo electr\u00f3nico o nombre de usuario.\t\t\t\t\t\t\t<\/div>\n\t\t\t\t\t\t<\/div>\n\t\t\t\t\t<\/div>\n\t\t\t\t\t<div  id=\"um_field_0_username_b\" class=\"um-field um-field-text  um-field-username_b um-field-text um-field-type_text\" data-key=\"username_b\"><div class=\"um-field-area\"><input  autocomplete=\"off\" class=\"um-form-field valid \" type=\"text\" name=\"username_b\" id=\"username_b\" value=\"\" placeholder=\"Introduce tu nombre de usuario o correo electr\u00f3nico\" data-validate=\"\" data-key=\"username_b\"  aria-invalid=\"false\" \/>\n\n\t\t\t\t\t\t<\/div><\/div>\t\t\t\t<div class=\"um-col-alt um-col-alt-b\">\n\t\t\t\t\t<div class=\"um-center\">\n\t\t\t\t\t\t<input type=\"submit\" value=\"Restablecer contrase\u00f1a\" class=\"um-button\" id=\"um-submit-btn\" \/>\n\t\t\t\t\t<\/div>\n\t\t\t\t\t<div class=\"um-clear\"><\/div>\n\t\t\t\t<\/div>\n\t\t\t\t\t<input type=\"hidden\" name=\"form_id\" id=\"form_id_um_password_id\" value=\"um_password_id\" \/>\n\t\t<p class=\"um_request_name\">\n\t\t<label for=\"um_request_um_password_id\">Only fill in if you are not human<\/label>\n\t\t<input type=\"hidden\" name=\"um_request\" id=\"um_request_um_password_id\" class=\"input\" value=\"\" size=\"25\" autocomplete=\"off\" \/>\n\t<\/p>\n\t\t\t<\/form>\n\t<\/div>\n<\/div>\n<style>\n\t\t\t.um-um_password_id.um {\n\t\t\tmax-width: 450px;\n\t\t}\n\t\t<\/style>\n<\/span><br><\/p>\t\t\t\t\t\t\t\t<\/div>\n\t\t\t\t<\/div>\n\t\t\t\t<div class=\"elementor-element elementor-element-61e9e5a elementor-widget elementor-widget-image\" data-id=\"61e9e5a\" data-element_type=\"widget\" data-widget_type=\"image.default\">\n\t\t\t\t<div class=\"elementor-widget-container\">\n\t\t\t\t\t\t\t\t\t\t\t\t\t\t\t\t<a href=\"https:\/\/turquoisedt.com\/collections\/log_in\/\">\n\t\t\t\t\t\t\t<img decoding=\"async\" width=\"300\" height=\"300\" src=\"https:\/\/turquoisedt.com\/collections\/wp-content\/uploads\/2023\/12\/hacia-atras-300x300.png\" class=\"attachment-medium size-medium wp-image-1733\" alt=\"\" srcset=\"https:\/\/turquoisedt.com\/collections\/wp-content\/uploads\/2023\/12\/hacia-atras-300x300.png 300w, https:\/\/turquoisedt.com\/collections\/wp-content\/uploads\/2023\/12\/hacia-atras-150x150.png 150w, https:\/\/turquoisedt.com\/collections\/wp-content\/uploads\/2023\/12\/hacia-atras.png 512w\" sizes=\"(max-width: 300px) 100vw, 300px\" \/>\t\t\t\t\t\t\t\t<\/a>\n\t\t\t\t\t\t\t\t\t\t\t\t\t\t\t<\/div>\n\t\t\t\t<\/div>\n\t\t\t\t\t<\/div>\n\t\t\t\t<\/div>\n\t\t<div class=\"elementor-element elementor-element-c6554a9 e-flex e-con-boxed e-con e-parent\" data-id=\"c6554a9\" data-element_type=\"container\">\n\t\t\t\t\t<div class=\"e-con-inner\">\n\t\t\t\t\t<\/div>\n\t\t\t\t<\/div>\n\t\t\t\t<\/div>\n\t\t","protected":false},"excerpt":{"rendered":"","protected":false},"author":1,"featured_media":0,"parent":0,"menu_order":0,"comment_status":"closed","ping_status":"closed","template":"elementor_canvas","meta":{"footnotes":""},"class_list":["post-904","page","type-page","status-publish","hentry"],"_links":{"self":[{"href":"https:\/\/turquoisedt.com\/collections\/wp-json\/wp\/v2\/pages\/904","targetHints":{"allow":["GET"]}}],"collection":[{"href":"https:\/\/turquoisedt.com\/collections\/wp-json\/wp\/v2\/pages"}],"about":[{"href":"https:\/\/turquoisedt.com\/collections\/wp-json\/wp\/v2\/types\/page"}],"author":[{"embeddable":true,"href":"https:\/\/turquoisedt.com\/collections\/wp-json\/wp\/v2\/users\/1"}],"replies":[{"embeddable":true,"href":"https:\/\/turquoisedt.com\/collections\/wp-json\/wp\/v2\/comments?post=904"}],"version-history":[{"count":26,"href":"https:\/\/turquoisedt.com\/collections\/wp-json\/wp\/v2\/pages\/904\/revisions"}],"predecessor-version":[{"id":2670,"href":"https:\/\/turquoisedt.com\/collections\/wp-json\/wp\/v2\/pages\/904\/revisions\/2670"}],"wp:attachment":[{"href":"https:\/\/turquoisedt.com\/collections\/wp-json\/wp\/v2\/media?parent=904"}],"curies":[{"name":"wp","href":"https:\/\/api.w.org\/{rel}","templated":true}]}}